 number?
False
Let l(u) = u**3 + 17*u**2 - 20*u - 36. Let m be l(-18). Suppose m*w - 3*q = -4*w + 11269, -w + 2806 = 3*q. Is w a composite number?
True
Let c = 34 + -29. Suppose -3*m + 0*m = c*w - 602, 0 = -4*m + 2*w + 794. Is m a composite number?
False
Let o(u) = 663*u - 15. Let w be o(8). Suppose 8*z = w + 5663. Is z prime?
False
Suppose -3974 = -f + 3*i, 4*f - 936 - 14910 = 2*i. Is f a composite number?
True
Let h(o) = -o**3 + 22*o**2 + 11*o + 7. Is h(8) a prime number?
True
Let h(f) = -3*f**3 - 3*f**2 + 10*f - 3. Let m = -43 + 36. Is h(m) a composite number?
False
Let n(h) = h**3 - 25*h**2 - 9*h + 1. Is n(26) a prime number?
True
Let y be (1038/(-4))/3*2. Let w(c) = -27*c**2 - 13. Let o be w(-3). Let s = y - o. Is s a composite number?
False
Suppose -3*c + 2*q + 1713 = 0, 2*q + 10 = 4. Suppose 2*v = -2*m - 640, 2*v - m + 379 = -246. Let b = v + c. Is b a prime number?
False
Let b(f) = -f + 4. Let a be b(2). Is (-11 + 10)*(-1034)/a composite?
True
Suppose -8 = -y + 13. Let x = y + -19. Suppose -4*i = -x*i - 238. Is i prime?
False
Suppose -2*n + 4 = -2*j, n - 14 = -2*n - j. Suppose d = -n*d. Suppose -2*r - m + 1437 = d, 4*m - 795 + 2956 = 3*r. Is r composite?
False
Let p = 6552 - 3761. Suppose 2*i - j = 2*j + p, 2*i - 2796 = -2*j. Is i composite?
True
Let d be ((-2)/(-2))/((-3)/(-543)). Let a(c) = -c**2 + 21*c + 60. Let p be a(21). Let f = d - p. Is f composite?
True
Let x(p) = 3*p**2. Let k be x(-1). Let v(i) = -17*i - 3 + 22*i + 3*i + 34*i. Is v(k) composite?
True
Let w(x) = 2*x**3 + 17*x**2 + 10*x + 7. Let l be w(-8). Is l/(396/(-8)) - 17565/(-11) composite?
False
Is 3/(-7) - 7639240/(-98) a prime number?
True
Let x(q) = q - 3. Let p be x(5). Let h be (9 - 5)/4*3*2. Suppose 3*r - 949 + 90 = -4*i, -p*r - h = 0. Is i prime?
False
Suppose -3*v + 31 = -c - 0*v, -4*v + 4 = 0. Let f = c + 155. Is f prime?
True
Let b = -1926 - -4697. Is b prime?
False
Let v = 163206 - 114037. Is v composite?
False
Let b(i) = -23*i**2 + 5*i - 4. Let n be b(-9). Let r = -741 - n. Is r a prime number?
True
Let m = -13 - -18. Suppose 4*f + 3*o = 279, 2*f + 10*o = m*o + 143. Suppose -2*g + p = -g - f, -p = g - 65. Is g prime?
True
Let h(x) = -4*x**3 + 4*x**2 + 2*x - 1. Let m(k) = -k - 1. Let n(y) = -h(y) - 3*m(y). Suppose 3*z = -27 + 36. Is n(z) prime?
True
Let m(o) = 3*o**2 - o + 1031. Is m(0) a prime number?
True
Suppose 3*q + 2496 = 9*q. Let u = -15 + q. Suppose o = -5*m + u, 578 + 573 = 3*o + 2*m. Is o a prime number?
False
Suppose -15 = 3*y - 3. Let i be (-77)/(-44) - 1/y. Suppose -327 = -o - i*o. Is o composite?
False
Suppose -8 - 10 = -6*k. Suppose -3*o = 2*g + 2*o - 251, k*g - 357 = -o. Is g composite?
True
Let d = 86446 - 61373. Is d prime?
True
Let l(c) = -14*c**3 + 42*c**2 - 39*c - 10. Let b(o) = 5*o**3 - 14*o**2 + 13*o + 3. Let f = -25 - -14. Let z(u) = f*b(u) - 4*l(u). Is z(13) a composite number?
False
Suppose -5*x - 3*t = -3*x - 93, -5*t + 25 = 0. Is (x - 2)*(-3 + 10) a prime number?
False
Suppose -3*m + 3*w = 2*w + 151, 0 = 3*m + w + 143. Is (-246897)/m + 2/7 a composite number?
False
Let k(r) be the second derivative of -13*r**3/3 + r**2 + 80*r. Suppose 3*c - 20 = 8*c. Is k(c) composite?
True
Let y(p) = 37*p**2 - 6*p - 27. Let d be y(-6). Suppose 3*h - d = 1104. Is h composite?
True
Let x(m) = 1399*m - 13. Is x(2) composite?
True
Let s(j) = -j**3 - j**2 + 6*j + 4. Let v be s(-3). Suppose 8*y - 5*y = 0. Is (-398)/(-2) - y/v a composite number?
False
Is ((-12230)/(-3) - 1)/(27/81) prime?
True
Suppose 40*m = 636197 + 935843. Is m a prime number?
True
Suppose 0*a - q = 3*a - 1626, 4*q - 553 = -a. Is a composite?
False
Let d(k) = -26*k**3 - 3*k**2 - 5*k + 7. Let y be d(3). Let t = y - -1470. Is t prime?
True
Let g = 26 + -26. Suppose -3*t - 2*t + 725 = g. Is t composite?
True
Let x(p) = -p**3 + 14*p**2 - 12*p - 10. Let s be x(13). Suppose 4*c = s*c. Suppose c = f + 5*f - 210. Is f a composite number?
True
Let t = 14 + 0. Let j = -6 + t. Is (6/j)/(3/60) a prime number?
False
Let x(h) = -13*h**3 + 6*h**2 - 8*h - 3. Let f be x(-5). Let j = -3228 + f. Is (-5)/(20/j) - 1 prime?
True
Suppose 6 = 455*z - 461*z. Let l(p) be the second derivative of 409*p**4/12 + p**3/3 + p**2 - p. Is l(z) prime?
True
Is 4198/10 - 92/115 composite?
False
Suppose u + 3*g = 3880, -6*g + 4 = -10*g. Is (u/2)/(12/24) a prime number?
False
Let f be (1/3)/(9/(-135)). Let g = f - -7. Is (-1492)/(-10) + g/(-10) a composite number?
False
Suppose -4*n + 8 = -4. Suppose z - n = -0. Suppose -2*y + z*y - 141 = 0. Is y composite?
True
Suppose 14839 = 264*d - 253*d. Is d a prime number?
False
Let k(w) = 29*w**2 - w - 1. Let u(g) = g**2 - 4. Let t be u(4). Suppose 0*b + 4*b = t. Is k(b) a prime number?
True
Let t(v) = 5*v**2 + 6*v + 93085. Is t(0) a prime number?
False
Let k(a) = -5*a**3 + 2*a**2 - a + 9. Is k(-4) a composite number?
True
Let b = -9 + -28. Let v = 55 + b. Suppose 19 = c - v. Is c prime?
True
Suppose 0 = -d + 1836 + 2047. Let m = -128 + d. Is m a composite number?
True
Let w = -1860 + 4253. Is w prime?
True
Let v(h) be the third derivative of h**6/120 + h**5/20 - h**4/24 + h**2. Let m be v(-3). Suppose m*l - 1095 = -2*l. Is l a prime number?
False
Let q(d) = 5*d + 5. Let h be q(5). Suppose -4*k + h = k. Suppose 0 = -11*b + k*b + 1635. Is b composite?
True
Suppose 6*w - 2*w + 16 = 2*u, -2*w + 16 = 5*u. Suppose -k + 5*m + 139 = 0, -4*k - u*m + 316 = -168. Suppose k = 3*i - 341. Is i prime?
False
Let n = 15073 - 5874. Is n a composite number?
False
Let k be (-4)/(8/(-2302)) - -2. Suppose -573 = -m + 5*a, 1079 = 4*m - 5*a - k. Is m a composite number?
True
Let i be 149/(2/4 + 0). Let u be (-20)/(-15)*9/4. Suppose -4*b - 445 = -3*f, u*f - i = f + 3*b. Is f composite?
True
Suppose -8*t + 3*t = -10. Suppose t*p = -3*p, -r + 409 = 4*p. Is r composite?
False
Suppose -p + 173 = 2. Suppose 2618 + p = h. Is h composite?
False
Let k(s) be the second derivative of 2*s - 2*s**2 + 0 + 11/6*s**3. Is k(5) composite?
True
Suppose 2*i - 4*n = -i + 13, -3*i + 5*n + 11 = 0. Suppose -i*b + 2*b = -20. Suppose 0 = 2*d + b*v + 27 - 87, 4*d + 4*v - 128 = 0. Is d composite?
True
Let h = 15 + -15. Suppose k + 2*p = 290, -p + 0*p + 2 = h. Suppose -8*z = -6*z - k. Is z a prime number?
False
Let g(w) = -w**3 + 17*w**2 - 14*w - 14. Let k = 37 - 33. Suppose -q - k*b = -0*q - 27, 0 = -5*q + 5*b + 60. Is g(q) a prime number?
False
Is 1 + -1 - 1235990/(-70) prime?
True
Let o(y) = -195*y**2 + 8*y - 8. Let p be o(1). Let g = 254 - p. Is g prime?
True
Let f be (16/(-12))/(4/(-78)). Let t = -16 + f. Is t a prime number?
False
Let f be 6 - (-4)/(2 - 4). Suppose f*q + q = -3*o + 4212, 4*q - 4209 = -3*o. Is o prime?
True
Suppose 0 = -a - 5 - 3. Let y(z) = 8*z**2 - 11. Let o be y(a). Suppose -2*c + o = -17. Is c prime?
False
Is -8 + 104009/6 - (-25)/(-30) a prime number?
False
Let v(o) = o**2 - 15*o + 17. Let t be v(14). Is -2094*t/(-18)*3 composite?
True
Suppose 2*j = -2*i, -4*i + 5*j + 1 = 10. Let k = 1 - i. Is -62*((-3)/(-2) - k) composite?
False
Suppose -4*f + 2*f = 5*v - 37, -3*v = -4*f + 35. Suppose 10*u - f*u = -3037. Is u a prime number?
True
Let d(x) = -804*x**2 + 2*x - 3. Let c be d(-2). Let m be 6/10 - c/(-55). Let g = -39 - m. Is g a prime number?
True
Let z = 58 + -32. Let p = z + -24. Is 679 - (8 + -4 - p) prime?
True
Let q = 4196 + 767. Is q a composite number?
True
Let v be (1198/3)/(28/(-42)). Let j = v - -1746. Is j a prime number?
False
Suppose 2*l = q - 2*l + 369, -l - 1 = 0. Let a = q + 1029. Suppose 5*i = a + 359. Is i prime?
False
Let t(w) = w**3 - 20*w**2 + 49*w - 13. Is t(25) prime?
True
Let o be -1 - 0 - 0/3. Let d = -30 + 81. Is d + o + (0 - -1) a composite number?
True
Let m = 25 + -25. Suppose -6*f - 1 + 25 = m. Suppose -4*n + 0*n + j + 3157 = 0, 5*j + 3161 = f*n. Is n a composite number?
True
Let b = -1382 + 5289. Is b a prime number?
True
Let t = 405 - 353. Suppose -3*s = 5*l - 74, 0 = -s - s - 2*l + 56. Is s*(t/3)/4 a composite number?
True
Let q(t) = t + 15. Let p be q(-11). Let f(i) = i**2 + 5. Let b be f(p). Suppose 0 = -m + 3*a - 6*a + b, -3*m - 2*a + 91 = 0. Is m a composite number?
True
Let n(w) = 338*w - 629. Is n(15) a composite number?
False
Let o = -390 + 1284. Suppose 8*g - 5*g - o = 0. Is g a composite number?
True
Suppose 2*s = -2, -8 + 33 = -5*j - 5*s. Is j/(-12) - 4/(-6) - 